ose -u + 245 = -58. What are the prime factors of u?
3, 101
Let k(r) be the first derivative of r**2 + 6*r + 14. What are the prime factors of k(3)?
2, 3
What are the prime factors of (-99 - 0)*221/(-39)?
3, 11, 17
What are the prime factors of 3*2/6 + (833 - 1)?
7, 17
What are the prime factors of (-6)/27 - 3932/(-36)?
109
Suppose -24170 = -12*u + 8674. List the prime factors of u.
7, 17, 23
Suppose -13772 - 1948 = -15*y. What are the prime factors of y?
2, 131
Suppose 2080 = 16*a - 3*a. List the prime factors of a.
2, 5
Let u = 38 - 31. Suppose u*x - 90 = x. What are the prime factors of x?
3, 5
Suppose s = 3*s. Suppose s = 16*m - 17*m + 18. What are the prime factors of m?
2, 3
Let m be 20/(-30)*462/(-4). Suppose 8*v - m = v. List the prime factors of v.
11
Let p(b) = 5*b + 3. Let q be p(-13). Let k = q - -172. List the prime factors of k.
2, 5, 11
Let u be -1 + 1 + -4 - -4. Suppose u = 4*v + 3*v - 21. List the prime factors of v.
3
Let f(x) = -17*x**3 + 3*x**2 + 7*x + 9. Let w be f(-3). Suppose -c = 4*j - 672 - w, 4*c = 2*j - 582. List the prime factors of j.
7, 41
Let j = 1200 + -804. List the prime factors of j.
2, 3, 11
Let c = 773 + -364. What are the prime factors of c?
409
Let f be -3 + ((-1)/3)/(9/(-108)). List the prime factors of (317 - f)*108/144.
3, 79
Let n = -37 + 33. Let g be ((-6)/n)/((-6)/(-12)). Suppose 4*o = -3*f - 0*f + 29, 0 = g*o - 3*f - 6. What are the prime factors of o?
5
Suppose 320*v = 313*v + 1211. What are the prime factors of v?
173
Suppose 9 = -4*g + 5*d, 7 = -3*g + 4*d - 0*d. What are the prime factors of (0/4 - g)*95?
5, 19
Let s = -249 - -354. Suppose 16*v = s + 839. What are the prime factors of v?
59
Let g(v) = -3*v + 11. Suppose -5*t = 2*q - 7, 0 = -0*q - 2*q + 2*t - 28. What are the prime factors of g(q)?
2, 19
Let q be (-22)/44*(-7 - 1). Suppose -4*d + 651 = g - 0*g, 649 = q*d + 3*g. List the prime factors of d.
163
Suppose 3*n - 7 - 11 = -3*b, 0 = 3*b + 5*n - 24. Suppose 0 = -h + 3*c, 40 = b*h + 4*c + 1. What are the prime factors of (-154)/(-6) - h/(-27)?
2, 13
List the prime factors of (39/2)/((-18)/(72*-23)).
2, 3, 13, 23
Let r(f) = f**3 + 6*f**2 - 2*f - 8. Suppose 3*u = -14 - 4. What are the prime factors of r(u)?
2
Suppose -4*k - 32 = -1600. What are the prime factors of k?
2, 7
Let k = 176 + 160. What are the prime factors of k?
2, 3, 7
Let b = -12 + 26. Let f be (-1)/(-3) - b/(-3). Suppose f*k - 3*k - 52 = 0. List the prime factors of k.
2, 13
Let a = -2323 - -5576. List the prime factors of a.
3253
Let x be (-18)/(-4)*104/(-12). Let z(f) = 3*f - 2. Let l be z(-5). Let b = l - x. List the prime factors of b.
2, 11
Suppose 0 = -9*p + 27*p - 6138. List the prime factors of p.
11, 31
Let j(w) = w + w - 1 + 8*w**2 - 7*w**2 - 9*w. What are the prime factors of j(12)?
59
Let x = -5814 - -8650. List the prime factors of x.
2, 709
Let m = 226 + -37. What are the prime factors of (3 + -1)*m/6?
3, 7
Let b = -26 + 101. Suppose h + b = -0. Let r = h - -110. What are the prime factors of r?
5, 7
Suppose -5*k + 4568 = -4*o + 353, -5*k - 2*o = -4215. List the prime factors of k.
3, 281
Suppose 4*t + p - 2*p - 550 = 0, 421 = 3*t - 5*p. Let g = t + -76. Let w = 98 - g. List the prime factors of w.
37
Suppose -5*o - 1480 = -3*c, 4*c + 7*o - 1978 = 9*o. What are the prime factors of c?
3, 5, 11
Let t be ((-6)/(-3) - 1)*38. Let l = 10 - 25. Let h = t + l. List the prime factors of h.
23
Let r(y) = y**3 + y**2 + 1. Let d = -3 + 4. Let i(c) = c**3 + 10*c**2 + 11. Let h(l) = d*i(l) - 2*r(l). What are the prime factors of h(8)?
3
Let f = -33 + 33. Suppose -4*l + f*j = -3*j - 346, -4*l + 350 = -j. List the prime factors of l.
2, 11
Let u(b) = -b + 3. Let z be u(4). Let t(n) = 2*n**2 - 7 + 5 + 6*n**2 - 2*n**2 - 2*n. What are the prime factors of t(z)?
2, 3
Suppose -2*o - 4*q = -14, 0 = 4*o - q - 10 - 9. Suppose t + o = -66. Let g = -50 - t. List the prime factors of g.
3, 7
Suppose 4*c = -2*c + 12. List the prime factors of 1352/16 - c/(-4).
5, 17
Let f be 9*(1 + (-20)/12)/(-2). Suppose -5*q + 23 = 2*w, -5*q = -4*w - 3 + 4. Suppose 0 = -4*k - q*m + 61, 4*k - m = f*m + 96. List the prime factors of k.
19
Suppose -16 = 17*b + 120. List the prime factors of (100 - b) + (2 - -3).
113
Suppose 72*q = 84*q - 1056. Let s = -2 + -2. What are the prime factors of q/(-2)*6/s?
2, 3, 11
Suppose 2*o + 6*w = 9*w + 483, -4*o = w - 945. List the prime factors of o.
3, 79
Let i be (-3005)/(-20) - (0 - (-2)/8). Suppose z - 11*z + i = 0. List the prime factors of z.
3, 5
Suppose 0 = c - 0*c + 52. Let d = c - -106. What are the prime factors of d?
2, 3
Suppose -3*d + 185 + 175 = 0. Suppose 12*c - 15*c = -d. What are the prime factors of c?
2, 5
Let v(g) = g**2 + 7*g - 13. Let y be v(-9). Suppose -4 = x - y. List the prime factors of (33/(-2)*-2)/x.
3, 11
Let d be (-168)/(-7)*(-2)/(-8). Suppose -d*y = -3*y - 432. List the prime factors of y.
2, 3
Suppose 36*g - 12996 = 30*g. What are the prime factors of g?
2, 3, 19
Let a(w) = w**2 - 7*w - 3. Suppose 0 = -2*z - m - 1, -3 = 5*z + 2*m. Let k = z - -11. List the prime factors of a(k).
3
Let h(l) = 56*l + 32. Let m be h(-4). Let p = -127 - m. What are the prime factors of p?
5, 13
Let b be -3 + 3 + 2 + 1. List the prime factors of (-1)/(-3)*(146*b + -3).
5, 29
Let q be (4/10)/((-16)/(-40))*9. Suppose 4*u - 427 = q. List the prime factors of u.
109
Let u(g) = g**3 + 4*g**2 - 24*g - 3. Let m be u(-7). Suppose 11*p = 9*p + m. What are the prime factors of p?
3
Let o be (6 + -1 + -1)*-3. Let v(i) = 3*i**2 + 26*i - 9. Let l be v(-10). Let t = o + l. List the prime factors of t.
19
Suppose -1344 = -3*s + 2*q, 1435 = 5*s - 3*q - 806. What are the prime factors of s?
2, 3, 5
Let z(t) = 423*t**2 + 41*t - 123. What are the prime factors of z(3)?
3, 47
Suppose 2*h = 138*d - 133*d - 7959, 0 = -2*d - 3*h + 3195. List the prime factors of d.
3, 59
Let r(j) = j**2 - 13*j - 7. Let l(i) = 2*i**2 - 25*i - 13. Let g(w) = 3*l(w) - 5*r(w). Let v be g(-4). What are the prime factors of 184/13 + (-8)/v?
2, 7
Suppose 2*h - 2*m - 32 = h, h + 2*m = 16. What are the prime factors of ((-31)/(-2))/(6/h)?
2, 31
What are the prime factors of (-4)/2 - ((2 - 5) + -201)?
2, 101
Let r = 3345 + 204. List the prime factors of r.
3, 7, 13
Let n(l) = -l**2 - 28*l + 15. Let a be n(-13). Suppose 0 = g - 5*r - 89, -3*g + 0*r - 4*r + a = 0. Suppose -2*j = 28 - g. List the prime factors of j.
23
Let b(y) = y**2 + 8*y - 13. Let i = 21 - 14. What are the prime factors of b(i)?
2, 23
Let m be (1 + -4)*(-4 - 2). Suppose -m = z + 3. Let j = z - -43. List the prime factors of j.
2, 11
Let m = 369 - 262. Let t = m - -109. List the prime factors of t.
2, 3
Let v be 108/28 + (-1)/(-7) - 0. Suppose q + 4*q = 0. Suppose 0 = 2*n - 0*n - w - 16, -4*n - v*w + 56 = q. List the prime factors of n.
2, 5
Let v(m) = m**3 + 17*m**2 + 29*m - 5. Let s be v(-15). What are the prime factors of (-13)/(-1)*(18 - s)?
2, 13
Let b(i) = -105*i**2 - 5*i + 3. Let x(y) = -35*y**2 - 2*y + 1. Let p be -1 + -6 + (2 - -1). Let d(l) = p*b(l) + 11*x(l). List the prime factors of d(-1).
2, 3
Let c = 1376 + -756. What are the prime factors of c?
2, 5, 31
Let q(k) = -1359*k**3 - 1. What are the prime factors of q(-1)?
2, 7, 97
Let g(a) be the first derivative of -11*a**2 - 17*a + 14. What are the prime factors of g(-4)?
71
Suppose 5*o - 15 = o - 3*w, -4*o = 4*w - 16. Suppose 3*z - 4*s - 25 = 0, 0 = -z - o*s + 4*s + 9. What are the prime factors of z?
11
Let r = -32 - -51. Let j = 44 + r. List the prime factors of j.
3, 7
Suppose f - 2*z = -20, 0 = -4*f - 2*z + 6*z - 60. Let l(c) = c**3 + 10*c**2 + 4*c + 14. Let k be l(f). Let s = -22 - k. List the prime factors of s.
2
Let p be 1*-11 + -2 + 4. Suppose 7 = b - 4*f - 14, -f = 2*b - 24. Let i = b + p. What are the prime factors of i?
2
Suppose 0 = 5*q + 4*b - 4, q + 0*b + b = 0. Suppose 3*l - 119 = -0*h - 2*h, q*l = 2*h - 140. Suppose -18*d + 16*d = -h. List the prime factors of d.
2
What are the prime factors of 9*243 - (-170)/(-34)?
2, 1091
Let g(k) = -10*k - 67. List the prime factors of g(-11).
43
Let x be 105/42*8/5. Suppose -x*v - 392 = -2*w, 3*w - v + 3*v = 628. List the prime factors of w.
2, 103
Let t = -134 + 106. What are the prime factors of (-1 - 1)*(-2)/(t/(-777))?
3, 37
Let n(c) = -c + 8*c + 2*c + 9*c**2 - 8*c. L